{"id":31,"date":"2015-03-03T17:18:07","date_gmt":"2015-03-03T17:18:07","guid":{"rendered":"http:\/\/xn--nfholzbau-v2a.ch\/?page_id=31"},"modified":"2023-05-25T07:15:20","modified_gmt":"2023-05-25T07:15:20","slug":"renovationen","status":"publish","type":"page","link":"https:\/\/xn--nfholzbau-v2a.ch\/","title":{"rendered":"Willkommen"},"content":{"rendered":"<p>Wir laden Sie zu einem Einblick in unsere T\u00e4tigkeiten ein.<\/p>\n<p>Unser Ziel ist es,\u00a0unserer Kundschaft durch fachliche Beratung und\u00a0seri\u00f6se Handwerksarbeit bei Renovationen, Innenausbauten\u00a0sowie im M\u00f6belbau einwandfreie Werke \u00fcbergeben zu k\u00f6nnen. Es ist uns ein Anliegen, dass sich unsere Kunden auch nach vielen Jahren \u00fcber ihre Investition erfreuen k\u00f6nnen.<\/p>\n<p>Gerne beraten wir Sie und erstellen ein auf Sie abgestimmtes Angebot.<\/p>\n","protected":false},"excerpt":{"rendered":"<p>Wir laden Sie zu einem Einblick in unsere T\u00e4tigkeiten ein. Unser Ziel ist es,\u00a0unserer Kundschaft durch fachliche Beratung und\u00a0seri\u00f6se Handwerksarbeit bei Renovationen, Innenausbauten\u00a0sowie im M\u00f6belbau einwandfreie Werke \u00fcbergeben zu k\u00f6nnen. Es ist uns ein Anliegen, dass sich unsere Kunden auch nach vielen Jahren \u00fcber ihre Investition erfreuen k\u00f6nnen. Gerne beraten wir Sie und erstellen ein &#8230; <a title=\"Willkommen\" class=\"read-more\" href=\"https:\/\/xn--nfholzbau-v2a.ch\/\" aria-label=\"Mehr Informationen \u00fcber Willkommen\">Weiterlesen<\/a><\/p>\n","protected":false},"author":1,"featured_media":0,"parent":0,"menu_order":1,"comment_status":"closed","ping_status":"closed","template":"","meta":{"footnotes":""},"class_list":["post-31","page","type-page","status-publish"],"_links":{"self":[{"href":"https:\/\/xn--nfholzbau-v2a.ch\/index.php?rest_route=\/wp\/v2\/pages\/31"}],"collection":[{"href":"https:\/\/xn--nfholzbau-v2a.ch\/index.php?rest_route=\/wp\/v2\/pages"}],"about":[{"href":"https:\/\/xn--nfholzbau-v2a.ch\/index.php?rest_route=\/wp\/v2\/types\/page"}],"author":[{"embeddable":true,"href":"https:\/\/xn--nfholzbau-v2a.ch\/index.php?rest_route=\/wp\/v2\/users\/1"}],"replies":[{"embeddable":true,"href":"https:\/\/xn--nfholzbau-v2a.ch\/index.php?rest_route=%2Fwp%2Fv2%2Fcomments&post=31"}],"version-history":[{"count":19,"href":"https:\/\/xn--nfholzbau-v2a.ch\/index.php?rest_route=\/wp\/v2\/pages\/31\/revisions"}],"predecessor-version":[{"id":1346,"href":"https:\/\/xn--nfholzbau-v2a.ch\/index.php?rest_route=\/wp\/v2\/pages\/31\/revisions\/1346"}],"wp:attachment":[{"href":"https:\/\/xn--nfholzbau-v2a.ch\/index.php?rest_route=%2Fwp%2Fv2%2Fmedia&parent=31"}],"curies":[{"name":"wp","href":"https:\/\/api.w.org\/{rel}","templated":true}]}}